e the prime factors of v/(-5) - (-36)/(-45)?
2
Let w(l) = -48*l**3 - 4*l**2 - 3*l - 2. Let s be w(-2). Suppose s = 8*n - 2*n. What are the prime factors of n?
2, 31
Suppose -7 + 26 = -m. Let n = m + 27. List the prime factors of n.
2
Suppose 23*z = 6382 - 1598. Let p(b) = -b + 5. Let s be p(0). Suppose 0 = -s*c - 5*h + 355, -3*c - 15 = -2*h - z. What are the prime factors of c?
67
Suppose 15132 = 4*x + 3*d, 0 = 2*d - 17 + 9. List the prime factors of x.
2, 3, 5, 7
Let d be 24 - (6 - 12/4). Let f be d/(-12) + 12/16. What are the prime factors of (-9 + f)*(-5 - 0)?
2, 5
Suppose -3*j = -634 - 236. Let l = 517 - j. List the prime factors of l.
227
Let c(q) be the third derivative of q**5/30 + 11*q**4/24 + 3*q**3 - 40*q**2. What are the prime factors of c(6)?
2, 3, 13
Suppose 5*a = a - 212. What are the prime factors of -3 + (-11)/(-5)*(2 - a)?
2, 59
Let g(h) = 9*h - 26. Let o(m) = -18*m + 52. Let t(q) = -5*g(q) - 2*o(q). List the prime factors of t(-8).
2, 7
Let p(g) = -24*g + 6. Let u(z) = -120*z + 30. Let y(v) = -21*p(v) + 4*u(v). List the prime factors of y(3).
2, 3, 11
Let v be (-6)/((-6)/(-2)) + 67. Suppose 4*g - v = -17. List the prime factors of g.
2, 3
Let w = 98 - -48. Let n = -212 + w. Let j = 133 + n. List the prime factors of j.
67
Suppose 4*c + 137 = u, -2*c = -5*u - 5 + 78. List the prime factors of ((-10)/4)/(1/c - 0).
5, 17
Suppose 2*i - 4*i = -4. Suppose -g + 40 = 4*z, i*g + z = 15 + 79. What are the prime factors of g?
2, 3
Let r be 414/(-14) - 3/7. Let k be (-2)/(-6) + (-6740)/r. Suppose s - 160 = -4*j, -k = -j - 4*j + 5*s. List the prime factors of j.
41
Suppose -d = -4*i + 10, -7 = -3*i + 8. List the prime factors of (-5)/(-2)*d/5.
5
Suppose -21*l - 3816 = -28743. What are the prime factors of l?
1187
List the prime factors of (-1*18)/(-1*22/77).
3, 7
Let o = -2 + 7. Suppose o*q - 379 = -64. Let z = q - 41. List the prime factors of z.
2, 11
Suppose -3*m + 5*y + 125 = -m, -4*m = -5*y - 265. Suppose -h + 6*h = 5*v - m, 0 = 4*v + 4*h - 64. List the prime factors of v.
3, 5
Let h(r) = 1123*r**2 + 9*r + 10. List the prime factors of h(-1).
2, 281
Suppose 4*g = 2*r + 16, 4*g - 58 = 3*r + 2*r. Let n = r + 71. What are the prime factors of n?
3, 19
Let w(x) = 2*x**2 + 4*x - 1. Let u(i) = -2*i - 3. Let a be u(0). Let p be w(a). Suppose 3*r + p*m - 165 = -r, -4*m - 12 = 0. List the prime factors of r.
3, 5
Suppose -4*b + 4*p + 690 = 58, -3*p = -12. Let z = b + -59. What are the prime factors of z?
103
Let j(s) = -s**3 - 27*s**2 - 7*s - 34. List the prime factors of j(-29).
3, 617
Let u = -30 - -30. Suppose 84 = 3*a - u*a. List the prime factors of a.
2, 7
Let g(z) = -10*z + 9. Let l be g(-8). Suppose 4*i - l = 403. List the prime factors of i.
3, 41
Let f(y) = 7*y - 2. Let w(i) = 6*i - 1. Suppose -3*c - 12 = 3, -5*j + c + 25 = 0. Let z(m) = j*f(m) - 5*w(m). List the prime factors of z(-10).
17
Let u be 24*(32/(-30) + (-18)/(-45)). List the prime factors of 88 - ((-20)/9 - u/72).
2, 3, 5
Suppose -3*m - 1769 = 5*z - 6*z, -4*z + 7032 = -m. What are the prime factors of z?
7, 251
Let f = 20 + -19. Let b(g) = 77*g - 3. Let a be b(f). Suppose 4*i - a = 2*i. What are the prime factors of i?
37
Suppose 4*t = -16, 3*r - 405 = -4*t + 1748. What are the prime factors of r?
3, 241
Let m = -405 + 696. Suppose 0 = -5*n - 5, 0 = -2*b + 4*n - 5*n + m. What are the prime factors of b?
2, 73
Suppose 9*f - 5*f = 8. Suppose -3*k + 5 = f*k. Let l = 8 + k. List the prime factors of l.
3
Let d(i) be the second derivative of i**4/6 - i**3/3 + 28*i**2 + 35*i. List the prime factors of d(-7).
2, 3, 7
Let u(y) = -4*y**3 - 3*y + 2. Suppose 0 = 4*i - i + 6. What are the prime factors of u(i)?
2, 5
Let i(s) = 3*s - 2. Let r be i(9). Let x be r/(-10)*(-2)/5. What are the prime factors of (x*5)/(9/18)?
2, 5
Suppose -4*p - 10 = -5*c + 10, 2*p + c - 4 = 0. Suppose -5*o = -2*g - 54 - 6, -5*o = -4*g - 60. Suppose p*j + o = 3*j. List the prime factors of j.
2
What are the prime factors of -2 + (-23 + 2)*-21?
439
Let u be (6 - (-168)/(-30))/((-4)/(-10)). What are the prime factors of 1 - (u - 109) - 4/2?
107
Suppose 309 = x - k - 730, -3*x + 2*k + 3114 = 0. List the prime factors of x.
2, 7, 37
Let w = 23 - 13. Let g = w - 8. Suppose -g*x = 2*p - 40, -5*x + 3*p = -0*p - 84. What are the prime factors of x?
2, 3
Let i be (-23)/(-7) - (-4)/(-14). Let x(k) = 4*k**2 + 71. Let d be x(0). Suppose -i*q + 4*r = -6*q + d, -44 = -2*q - r. List the prime factors of q.
3, 7
Let b(i) = 16*i + 6. Let t(u) = -15*u - 7. Let k(o) = 4*b(o) + 3*t(o). List the prime factors of k(6).
3, 13
Suppose h + 3*b = -3, 4*b = -3*h + h. Suppose -16 = -h*d + 2*d. What are the prime factors of (24/(-42))/(d/(-14))?
2
Let o = 228 + -327. Let j = 305 + o. List the prime factors of j.
2, 103
Let i(l) = -l**3 - 6*l**2 - 5*l + 4. Let d be i(-5). Suppose -3*x + 5*s + 18 = 0, s + 17 + 24 = d*x. What are the prime factors of x?
11
Let a be (0 - 248/(-2)) + -1. Let l be 2/(-16) - a/(-24). Suppose 5*q = -2*d - 0*q + 17, 5*q = l*d - 95. List the prime factors of d.
2
Let r = 834 - 404. What are the prime factors of r?
2, 5, 43
Let t be 48555/54 + (-1)/6. Suppose -2*l + t + 831 = 0. What are the prime factors of l/20 - (-1)/(-4)?
43
Let j be 2 + (3 - 3) + -6. What are the prime factors of (-104)/((-3 + 0 - j) + -2)?
2, 13
Suppose -20*q - 38304 = -36*q. What are the prime factors of q?
2, 3, 7, 19
Suppose -940 = -2*b + 94. What are the prime factors of (-10)/(-15) - (b/(-3) + -3)?
2, 11
Suppose -4*s - 2*v - 3*v = -597, -4*s = -2*v - 590. Suppose 4*w = 8 + s. List the prime factors of w.
3, 13
Suppose -5*n + 2*u = 476, -3*n + u = -4*n - 98. What are the prime factors of (n/56)/(2/(-7))?
2, 3
Let t(o) = -o + 3. Let k be t(-1). Let j = 10 - k. What are the prime factors of j?
2, 3
Suppose -26 = -w + 61. Let r = 45 - w. What are the prime factors of (2/4)/((-3)/r)?
7
Let m be 9 - 1 - (-7 - -10). Suppose -3*s = -9, 2*z + 423 = 5*z - m*s. Let u = z + -87. List the prime factors of u.
59
Let p be (6/(-9))/(2/(-69)). Let w = p + -51. Let j = w + 51. What are the prime factors of j?
23
Suppose 0 = 2*j + 4*z - 3630, -3*j + 4*z - 5445 = -6*j. List the prime factors of j.
3, 5, 11
Suppose 0 = -h + 504 + 644. Suppose 134 = -6*b + h. List the prime factors of b.
13
Let p(b) = b**3 - b**2 + 1473. What are the prime factors of p(0)?
3, 491
Let l = 101 - 90. Let p(o) = 20*o. List the prime factors of p(l).
2, 5, 11
List the prime factors of (-2)/(980/4545 - 4/18).
3, 101
Let u(j) be the second derivative of j**6/120 + j**5/60 - j**4/4 - j**3 + j. Let x(l) be the second derivative of u(l). What are the prime factors of x(3)?
3
Suppose -14 = j - 4. Let r = -5 + j. Let o = r - -40. What are the prime factors of o?
5
Suppose -v + 2*v - 4 = -2*i, -v = -5*i + 3. Let n(g) = 21*g**3 + g**2 - 5*g + 2. List the prime factors of n(v).
2, 41
Let t(q) = q - 1. Let y be t(15). Let g be (-32)/((-16)/y - -1). Suppose 10*o = 14*o - g. List the prime factors of o.
2, 7
Suppose 73*n = 66*n + 27741. What are the prime factors of n?
3, 1321
Suppose 58*h + 118957 = 105*h. What are the prime factors of h?
2531
Suppose 10*k = -105 + 15. Let f(r) = -6*r + 17. What are the prime factors of f(k)?
71
Suppose 22900 = 27*f - 17*f. List the prime factors of f.
2, 5, 229
Let u(b) = -2*b**2 - 43*b - 11. What are the prime factors of u(-21)?
2, 5
Suppose -3*r = -2*r - 5. Suppose z = r*i - 3 + 1, -3*z = 3*i - 12. Let y = 12 + z. List the prime factors of y.
3, 5
Let h(j) = 10*j + j**2 - 5*j - 12 + 5*j**2. Let v be h(-5). Let u = v + -67. What are the prime factors of u?
2, 23
Let j = 5186 + -2161. List the prime factors of j.
5, 11
Suppose 0 = -2*m + 4*o - 158, -2*m + 4*o = m + 239. Let h = 136 + m. List the prime factors of h.
5, 11
Suppose 0 = -5*i + 4 + 6. Suppose -i*b = -11 - 127. List the prime factors of b.
3, 23
Let r(a) = 4*a + 71. Let l be r(-17). Suppose 2*g - 28 = -2*w, 0 = l*w - 3*g - g - 14. What are the prime factors of w?
2, 5
Let l(d) = d**3 - 15*d**2 + 19*d - 18. Let g be l(15). Suppose -g - 45 = -8*r. List the prime factors of r.
3, 13
Let g(n) = -11*n + 64. Let p = 64 - 86. List the prime factors of g(p).
2, 3, 17
Let b(p) = -p**2 + p - 1. Let d(w) = -4*w**2 + 5*w - 1. Let k(y) = -5*b(y) + d(y). List the prime factors of k(-5).
29
Let u = -618 -